d 20.
4
Calculate the highest common factor of 4575 and 150.
75
Calculate the greatest common divisor of 33 and 31053.
33
What is the greatest common factor of 874 and 209?
19
What is the highest common divisor of 24280 and 40?
40
What is the greatest common divisor of 4 and 64?
4
What is the highest common divisor of 56 and 140?
28
Calculate the greatest common factor of 192 and 36.
12
Calculate the highest common factor of 310 and 1674.
62
Calculate the greatest common factor of 7 and 7.
7
What is the highest common factor of 912 and 2166?
114
What is the greatest common factor of 1864 and 40?
8
Calculate the highest common factor of 115 and 25.
5
What is the greatest common divisor of 336 and 420?
84
Calculate the greatest common divisor of 462 and 336.
42
Calculate the highest common factor of 1808 and 226.
226
Calculate the greatest common divisor of 135 and 120.
15
Calculate the greatest common factor of 525 and 63.
21
Calculate the highest common divisor of 234 and 390.
78
Calculate the highest common factor of 117 and 273.
39
What is the greatest common divisor of 108 and 21?
3
What is the greatest common divisor of 52 and 13676?
52
Calculate the highest common factor of 57 and 133.
19
Calculate the greatest common factor of 917 and 7.
7
Calculate the greatest common divisor of 525 and 42.
21
What is the highest common divisor of 10 and 335?
5
Calculate the greatest common factor of 804 and 13132.
268
Calculate the highest common divisor of 656 and 123.
41
What is the highest common divisor of 32 and 288?
32
What is the greatest common divisor of 14 and 94?
2
Calculate the highest common factor of 10404 and 36.
36
What is the highest common factor of 351 and 156?
39
What is the greatest common factor of 6 and 2322?
6
What is the highest common factor of 352 and 22?
22
What is the greatest common divisor of 798 and 966?
42
Calculate the greatest common divisor of 4886 and 28.
14
Calculate the highest common factor of 1056 and 288.
96
What is the greatest common factor of 752 and 517?
47
What is the highest common factor of 32 and 1312?
32
What is the highest common divisor of 1519 and 651?
217
What is the highest common factor of 120 and 3810?
30
What is the greatest common divisor of 48 and 18456?
24
What is the highest common divisor of 198 and 576?
18
What is the greatest common divisor of 288 and 372?
12
What is the highest common divisor of 115 and 40?
5
What is the highest common divisor of 147 and 105?
21
What is the highest common divisor of 2 and 2291?
1
What is the greatest common factor of 26 and 2782?
26
What is the highest common factor of 42 and 108?
6
What is the greatest common divisor of 6 and 318?
6
What is the highest common factor of 440 and 15?
5
What is the highest common factor of 15 and 2260?
5
What is the highest common factor of 159 and 3127?
53
Calculate the greatest common factor of 209 and 55.
11
Calculate the highest common divisor of 91 and 39.
13
What is the greatest common factor of 72 and 8?
8
What is the highest common divisor of 90 and 27?
9
Calculate the greatest common divisor of 4 and 4.
4
Calculate the highest common divisor of 220 and 374.
22
Calculate the highest common factor of 114 and 5073.
57
Calculate the greatest common factor of 33 and 671.
11
What is the greatest common factor of 48 and 492?
12
Calculate the greatest common factor of 132 and 60.
12
Calculate the greatest common divisor of 716 and 3401.
179
What is the highest common divisor of 161 and 253?
23
Calculate the greatest common divisor of 4 and 956.
4
Calculate the highest common divisor of 44 and 253.
11
What is the highest common divisor of 812 and 1740?
116
What is the greatest common factor of 56 and 24?
8
What is the highest common divisor of 57 and 817?
19
What is the highest common divisor of 11 and 55?
11
Calculate the highest common factor of 4 and 2000.
4
What is the highest common divisor of 159 and 7155?
159
What is the highest common divisor of 792 and 342?
18
Calculate the greatest common factor of 133 and 28.
7
Calculate the greatest common divisor of 1414 and 303.
101
Calculate the highest common divisor of 418 and 228.
38
What is the highest common divisor of 284 and 213?
71
Calculate the greatest common factor of 7 and 259.
7
What is the greatest common factor of 165800 and 200?
200
What is the highest common factor of 56 and 2219?
7
What is the highest common factor of 264 and 216?
24
Calculate the highest common divisor of 3 and 81.
3
Calculate the highest common divisor of 33 and 3773.
11
What is the highest common divisor of 62 and 29047?
31
Calculate the highest common divisor of 1339 and 13.
13
What is the highest common divisor of 25300 and 23?
23
What is the greatest common divisor of 10 and 9565?
5
What is the greatest common factor of 1 and 30?
1
Calculate the highest common factor of 16 and 32.
16
Calculate the highest common factor of 180 and 4518.
18
What is the highest common factor of 47 and 4183?
47
What is the highest common divisor of 8 and 103?
1
Calculate the highest common divisor of 99 and 132.
33
What is the greatest common divisor of 161 and 92?
23
Calculate the greatest common divisor of 32 and 3872.
32
What is the greatest common factor of 250 and 10?
10
Calculate the highest common factor of 1212 and 24.
12
Calculate the greatest common factor of 310 and 124.
62
What is the greatest common factor of 5358 and 141?
141
Calculate the highest common factor of 57 and 209.
19
Calculate the highest common factor of 28 and 20.
4
Calculate the greatest common divisor of 903 and 28.
7
Calculate the greatest common divisor of 61 and 7.
1
What is the highest common divisor of 84 and 36?
12
Calculate the highest common factor of 60 and 252.
12
What is the highest common divisor of 2796 and 6?
6
What is the highest common divisor of 49 and 42?
7
Calculate the highest common factor of 8 and 5468.
4
Calculate the highest common divisor of 1575 and 120.
15
What is the highest common divisor of 13 and 15990?
13
What is the greatest common divisor of 2810 and 90?
10
What is the greatest common divisor of 64 and 1136?
16
Calculate the greatest common divisor of 1195 and 717.
239
What is the greatest common factor of 55 and 11?
11
What is the greatest common divisor of 120 and 312?
24
Calculate the highest common divisor of 990 and 54.
18
Calculate the highest common factor of 48384 and 252.
252
Calculate the highest common divisor of 24 and 32.
8
Calculate the greatest common factor of 440 and 520.
40
What is the highest common factor of 10 and 1000?
10
What is the greatest common factor of 35360 and 130?
130
Calculate the greatest common divisor of 119 and 21.
7
What is the highest common divisor of 42 and 546?
42
What is the highest common divisor of 59 and 17287?
59
What is the greatest common divisor of 360 and 40?
40
What is the greatest common divisor of 5859 and 189?
189
What is the greatest common factor of 38 and 2?
2
Calculate the highest common divisor of 340 and 425.
85
Calculate the highest common divisor of 279 and 651.
93
Calculate the greatest common factor of 30 and 1620.
30
What is the highest common factor of 970 and 10?
10
What is the highest common divisor of 68 and 85?
17
Calculate the highest common factor of 51 and 5763.
51
Calculate the highest common factor of 28 and 14.
14
What is the greatest common factor of 28 and 364?
28
What is the greatest common factor of 54 and 24894?
54
What is the highest common factor of 114 and 33744?
114
Calculate the greatest common factor of 8172 and 612.
36
What is the greatest common factor of 40824 and 4?
4
Calculate the greatest common divisor of 162 and 1242.
54
Calculate the greatest common factor of 805 and 245.
35
What is the greatest common divisor of 1410 and 30?
30
What is the highest common factor of 539 and 836?
11
What is the greatest common factor of 847 and 9196?
121
What is the highest common divisor of 432 and 48?
48
Calculate the highest common divisor of 27 and 198.
9
Calculate the highest common factor of 2032 and 5207.
127
Calculate the greatest common factor of 37 and 333.
37
What is the greatest common factor of 4 and 4?
4
What is the highest common factor of 150 and 48?
6
Calculate the greatest common factor of 581